t c(u) = -u**3 + 8*u**2 - 5*u + 6. Let h be c(n). Suppose -3*m - 5*f - 35 = -8*m, 2*m + 4*f = h. What is the units digit of m?
8
Suppose 4*f = 553 - 197. Let m = f - 54. Suppose -2*o = -m + 15. What is the units digit of o?
0
Let f = -3 - -42. What is the tens digit of f?
3
Suppose 18 = 4*x - 2*c, 35 = 5*x - 8*c + 3*c. Suppose -5 = -3*k - 2, x*k = -l + 8. Suppose -l*n + 5 = -5*n. What is the units digit of n?
5
Suppose 5*b - 4*b - 630 = -4*t, -320 = -2*t - 3*b. What is the tens digit of t?
5
Suppose 0 = 9*y - 3*y - 1158. What is the hundreds digit of y?
1
What is the tens digit of ((-63)/(-105))/(2/190)?
5
Let v(t) = t + 3. Suppose -2*s = -6 - 2. What is the units digit of v(s)?
7
Let w(v) = 1 + 4 + 10 + 11*v - 12*v. Let o be w(13). Let b = o + 6. What is the units digit of b?
8
Suppose 12 = 4*m + 4*h, 5*m - 22 - 5 = -2*h. Let b = m - 3. What is the units digit of b?
4
Let p = 51 - 0. What is the units digit of p?
1
Let s be 3 - 0 - (2 + -2). Suppose z - 2 = s*z. What is the units digit of 0 + 1 - (-2 - z)?
2
Suppose 3*g - 4 + 40 = 0. Suppose 4*p + 101 = 3*h + 30, -2*p - 33 = h. Let f = g - p. What is the units digit of f?
5
Let v(u) be the second derivative of -u**3 + u**2 - 3*u. What is the tens digit of v(-2)?
1
Let m(b) = -b**3 - 6*b**2 + 6*b - 1. Let o be m(-7). Let r = 3 + o. What is the units digit of r?
9
What is the units digit of 1 + (5 - 2) - (-2)/1?
6
Let b = -10 - -30. What is the units digit of b?
0
Let p(u) = -u - 1. What is the units digit of p(-6)?
5
Let y(h) = -h**3 + 6*h**2 + 2*h - 5. Let r be y(5). What is the tens digit of (-74)/(-5) - (-6)/r?
1
Suppose 2*d + 3*d = 145. Let t = -17 + d. What is the units digit of t?
2
Suppose 0 = 9*u - 201 - 105. What is the units digit of u?
4
Suppose w + 0*w - 13 = 0. Suppose -10 = 3*c - i, 4*i + w = -4*c - 11. What is the units digit of (18/(-5))/(c/10)?
9
Suppose 10*p + 0*p = 1510. What is the tens digit of p?
5
Let f = 5 - -14. Suppose -3*w + f = -2*w. Suppose 2*z - 4*c - 10 = 0, -3*c = 4*z - 1 - w. What is the units digit of z?
5
Suppose 0 = -0*v + 3*v - 12. Suppose 0*y = 4*c + 4*y, -v*y = -3*c + 35. Let n = c - -11. What is the tens digit of n?
1
Suppose b + 4 = 0, -178 = -2*k - 2*b - 3*b. What is the tens digit of k?
9
Suppose 0 = -5*z + 111 + 74. What is the tens digit of z?
3
Let g = 37 + 38. What is the units digit of g?
5
Suppose 335 - 47 = 3*g. What is the tens digit of g?
9
Suppose 0 = -2*d - 8, 4*d = m - 25 + 5. What is the units digit of m?
4
Suppose 15 - 81 = -3*t. Let x = t + -5. What is the tens digit of x?
1
Let l(u) = -2*u**3 - 2*u**2 - 5*u - 4. What is the tens digit of l(-3)?
4
Let i = -6 + 30. Suppose 2*v - i = -v. What is the units digit of v?
8
Let d(p) = -54*p - 2. What is the units digit of d(-1)?
2
Let v(d) be the second derivative of -d**3/6 + 2*d**2 + 3*d. Let b be v(0). What is the units digit of (-1 + 2)/(b/64)?
6
Suppose 2*s = 4*s. Suppose s = -5*u - 2*z + 20 + 15, 5 = -z. What is the units digit of u?
9
Let h = 92 - 9. What is the units digit of h?
3
Let r(f) = f**3 + 4*f**2 + f + 4. Let l be r(-3). Let g = 56 - 54. Suppose 0 = -g*t + 4*t - l. What is the units digit of t?
5
Suppose -g + 0*g = -y - 78, 309 = 4*g - y. What is the units digit of g?
7
Let a be (-38)/4*(-8 + 18). Let v = -49 - a. What is the units digit of v?
6
Let s be 0/(-1) - (-2 - -5). Let m be (-5)/(-2)*(4 + -2). Let j = s + m. What is the units digit of j?
2
Let m(y) = 3*y**2 - 3*y - 5. What is the units digit of m(4)?
1
Let d(s) = s**2 + 5*s - 2. Let g be d(-8). Suppose -4*r + 37 = 3*y - g, 5*y - 2*r = 55. What is the tens digit of y?
1
Let r = -65 - -97. Suppose 2*i - 6*i + r = 3*d, 2*d = -5*i + 40. What is the units digit of i?
8
Let y(k) = -k - 7. Let c be y(-3). Let v = 6 + c. Suppose -a + 8 = -v. What is the units digit of a?
0
Let c be 1 - (-1 + (2 - 2)). Suppose 4*g = -c*s - 26, 2*g - 3*s + 2 - 9 = 0. What is the units digit of 22/2 - (g + 5)?
0
Let a(j) = j - 6. Suppose 2*l - 5 = 9. Let r be a(l). Let s = 3 - r. What is the units digit of s?
2
What is the hundreds digit of (-51)/9 - -5 - 674/(-3)?
2
Let j(q) = q**2 - 4*q. What is the hundreds digit of j(-9)?
1
Let t(q) = q**2 + 2*q + 4. Let w be t(-8). Suppose 5*c - w = 8. What is the units digit of c?
2
What is the units digit of ((-3)/2 - -5)/(3/6)?
7
Let t = 4 - 0. Let k(j) = 2*j**2 - 5*j + 2. Let n be k(t). Suppose -3*o + 1 = -n. What is the units digit of o?
5
Suppose -6*y = -5*y. Suppose -3*q - l + 31 = y, 5*l = -q - 2 + 31. Suppose 3*s = 2*s + q. What is the units digit of s?
9
Let b be -1*(-2 + -1 + 15). Let q = 4 - b. Suppose -4*y + q = -56. What is the tens digit of y?
1
Let s(b) = -b**2 - 4*b + 4. Let c(o) = o**2 - 6*o + 3. Let y be c(6). Suppose 0 = -y*k + 2 - 11. What is the units digit of s(k)?
7
What is the units digit of 5*1/2*6?
5
Suppose -4*n + 0 + 4 = -3*j, 0 = -4*n - 2*j + 24. Suppose 8*t + 5*t - 26 = 0. Suppose t*k - 14 = n. What is the units digit of k?
9
Let l(m) = -m + 46. What is the units digit of l(0)?
6
Let t(v) = 4*v**3 - 3*v**2 - 7*v - 1. Let i(r) = -3*r**3 + 4*r**2 + 6*r + 1. Let z(a) = -5*i(a) - 4*t(a). What is the units digit of z(-8)?
5
Let i = -29 - -41. Suppose 3*c - 7*c + i = 0. Suppose 5*o - c*o = 2. What is the units digit of o?
1
Let x(i) = -i**2 + 11*i + 13. Let r be x(12). Let n(f) be the third derivative of f**6/12 - f**4/12 + f**3/6 - 2*f**2. What is the units digit of n(r)?
9
Let g = 497 - 282. What is the units digit of g?
5
Suppose 5*n = -j - 13, 13 + 6 = 5*j + 4*n. Suppose -19 = -4*f - j. Let b(v) = -v**3 + 3*v**2 + 2*v - 4. What is the units digit of b(f)?
2
Suppose -10 = -5*i - 5*z, 3*i - z = 6 + 12. What is the units digit of i/(-10) - (-11)/2?
5
Let o be (-1)/2*2*1. What is the units digit of -2*o/(-2)*-14?
4
Let g(y) = 4*y**2 + 1. Let j be g(-1). Suppose 4*z = -5*o - 0*z - 5, 0 = 5*o - 5*z - 40. Suppose 4*h - o*h = j. What is the units digit of h?
5
What is the units digit of (-3 + 2/2)*14/(-7)?
4
Suppose -44 = -4*s - 5*v + 15, -2*s + 27 = 3*v. What is the units digit of s?
1
Suppose 99 = 4*v + 31. What is the units digit of v?
7
What is the tens digit of (-480)/(-14)*(5 + 2 + 0)?
4
Let r be (2*3)/(12/6). Suppose 4*t = r*t + 25. What is the tens digit of t?
2
Let i = 5 - 3. Let y(b) = 2 + 5*b + 4*b**2 + b**2 - 4*b**i. What is the units digit of y(-6)?
8
Let l(b) be the third derivative of b**4/6 - 2*b**3 - 4*b**2. What is the units digit of l(5)?
8
Let u(d) = -1 + 3*d**2 - 4*d**3 + 0 + 5*d**3. Let b be u(-1). Let x = 4 - b. What is the units digit of x?
3
Let y = 21 + -4. What is the tens digit of (y - -8) + 1*2?
2
Suppose 3*h - 4*h = -3. Suppose -h*s = 5*n - 72, n - 4*n = 5*s - 104. What is the units digit of s?
9
Let v(k) = -2*k**3 - 2*k**2 + 12. Let w(h) = -h**3 - h**2 + 6. Let i(f) = -4*v(f) + 9*w(f). What is the units digit of i(0)?
6
Let l(h) = -14*h - 13. Let q(b) = -5*b - 4. Let a(p) = -3*l(p) + 8*q(p). What is the tens digit of a(4)?
1
Let d(u) = -8*u + 4. Let j be 6/9 + 7/3. Let c be d(j). What is the units digit of c/(-6) - (-1)/(-3)?
3
Suppose -4*u - 150 = -922. What is the tens digit of u?
9
What is the tens digit of 108/(-2)*(-1)/3?
1
Let v = 100 - 54. What is the tens digit of v?
4
Suppose 3*s - 20 - 88 = 0. What is the tens digit of s?
3
Let m(c) = c**3 - c**2 + 2*c + 69. What is the tens digit of m(0)?
6
Suppose 4*u + 32 = -5*c, 0 = -c - 3*c. Let n be (-12)/(-24)*2*-1. Let m = n - u. What is the units digit of m?
7
What is the tens digit of (-5)/5*19*-1?
1
Let b = 15 + -24. Let m be (-12)/b*15/2. Suppose 0 - m = -2*j - 2*i, -5*j - i + 13 = 0. What is the units digit of j?
2
Let o = -1 - -5. What is the units digit of o?
4
What is the tens digit of -2*-1*(16 - 0)?
3
Let m(o) = o + 3. Suppose -6 = 5*c - 3*c + 2*s, 2*s + 5 = -c. What is the units digit of m(c)?
2
Suppose -m = z + 6, -5*m + 34 = -z - 2*z. Let u = z + 12. What is the units digit of u?
4
Suppose -i = 4*g - 2*i - 21, -4 = -g - i. What is the units digit of g?
5
Let n = -9 - -12. Suppose 3*h - 74 = 2*l, -4*h + n*h = -4*l - 38. Let v = h - 6. What is the units digit of v?
6
What is the hundreds digit of -1 - (405/(-3) + 4)?
1
Let w be (-152)/32 - 2/8. Let g(j) = -j**3 - 5*j**2 - j - 2. Let o be g(w). Suppose 1 = -o*z + 28. What is the units digit of z?
9
Let u(h) = -h**3 - 3*h**2 + 4*h + 3. What 